{"id":47,"date":"2023-11-20T16:42:46","date_gmt":"2023-11-20T15:42:46","guid":{"rendered":"https:\/\/fleurdevivre.fr\/?page_id=47"},"modified":"2023-12-13T20:07:50","modified_gmt":"2023-12-13T19:07:50","slug":"mon-parcours","status":"publish","type":"page","link":"https:\/\/fleurdevivre.fr\/index.php\/mon-parcours","title":{"rendered":"Mon parcours"},"content":{"rendered":"\n<h2 class=\"wp-block-heading\">Qui suis-je ?<\/h2>\n\n\n\n<figure class=\"wp-block-image size-large is-resized\"><img loading=\"lazy\" decoding=\"async\" width=\"1024\" height=\"682\" src=\"https:\/\/fleurdevivre.fr\/wp-content\/uploads\/2023\/12\/pexels-photo-631986-1024x682.jpeg\" alt=\"image descriptive parcours\" class=\"wp-image-477\" style=\"width:407px;height:auto\" srcset=\"https:\/\/fleurdevivre.fr\/wp-content\/uploads\/2023\/12\/pexels-photo-631986-1024x682.jpeg 1024w, https:\/\/fleurdevivre.fr\/wp-content\/uploads\/2023\/12\/pexels-photo-631986-300x200.jpeg 300w, https:\/\/fleurdevivre.fr\/wp-content\/uploads\/2023\/12\/pexels-photo-631986-768x511.jpeg 768w, https:\/\/fleurdevivre.fr\/wp-content\/uploads\/2023\/12\/pexels-photo-631986-90x60.jpeg 90w, https:\/\/fleurdevivre.fr\/wp-content\/uploads\/2023\/12\/pexels-photo-631986-370x247.jpeg 370w, https:\/\/fleurdevivre.fr\/wp-content\/uploads\/2023\/12\/pexels-photo-631986-776x517.jpeg 776w, https:\/\/fleurdevivre.fr\/wp-content\/uploads\/2023\/12\/pexels-photo-631986.jpeg 1200w\" sizes=\"auto, (max-width: 1024px) 100vw, 1024px\" \/><\/figure>\n\n\n\n<p>Mon parcours : Je m&rsquo;appelle Marjorie Naud, je suis naturopathe \/ r\u00e9flexologue \/ masseuse bien \u00eatre Naturopathie.<\/p>\n\n\n\n<p>J&rsquo;ai toujours \u00e9t\u00e9 du c\u00f4t\u00e9 vert de la vie \ud83d\ude09 J&rsquo;ai commenc\u00e9 mon aventure professionnelle en magasin de fruits et l\u00e9gumes, travaillant \u00e9galement sur les march\u00e9s au d\u00e9but. Puis j&rsquo;ai \u00e9volu\u00e9 de poste au fur \u00e0 mesure des ann\u00e9es. <\/p>\n\n\n\n<p>En 2018 ce fut un joli tournant : la grossesse et son lot de changement. J&rsquo;ai \u00e9prouv\u00e9 un besoin de retourner aux sources. La vie et ses al\u00e9as en 2019 maman solo, maman sera Naturo. Deux ans de formation \u00e0 jongler entre vie d&rsquo;\u00e9tudiante, travail, et b\u00e9b\u00e9, il a fallu garder le cap. Certificat en poche je retourne \u00e0 mes amours : les magasins bio et le contact avec les gens. Mais cette fois avec une sp\u00e9cificit\u00e9 naturopathe conseill\u00e8re. <\/p>\n\n\n\n<p>Fin 2022, un poste de conseill\u00e8re vente Naturopathie chez L\u00e9opold s&rsquo;offre \u00e0 moi : Associant espace de vente et institut bien-\u00eatre au Cocon. Je d\u00e9couvre le travail en cabinet et la joie de continuer \u00e0 travailler en magasin bio aupr\u00e8s de clients. <\/p>\n\n\n\n<p>Fin 2023, la vie prend un nouveau virage, je ne peux me maintenir \u00e0 mon poste d\u00fb \u00e0 un besoin croissant de disponibilit\u00e9 pour mon fils et son suivi. Je saute sur l&rsquo;occasion et en septembre je cr\u00e9ais Fleur de vivre.<\/p>\n\n\n\n<p style=\"font-style:normal;font-weight:400\">Forte de ses exp\u00e9riences de la vie, l&rsquo;accompagnement des enfants ne me fait pas peur ni celle des adultes submerg\u00e9s par la vie. Nous avons tous nos hauts et nos bas. Parfois il suffit juste d&rsquo;un petit coup de pouce pour remonter la pente. <\/p>\n\n\n\n<p><\/p>\n\n\n\n<h2 class=\"wp-block-heading\">Mes r\u00e9f\u00e9rences (le parcours)<\/h2>\n\n\n\n<div class=\"wp-block-group is-nowrap is-layout-flex wp-container-core-group-is-layout-ad2f72ca wp-block-group-is-layout-flex\">\n<ul class=\"wp-block-list\">\n<li>15 ans de vente en magasin fruits et l\u00e9gumes<\/li>\n\n\n\n<li>Certificat de R\u00e9flexologie plantaire m\u00e9thode David Tran<\/li>\n\n\n\n<li>Formation Fleur de Bach Niveau 2 Centre Edward Bach<\/li>\n\n\n\n<li>Certificat de Naturopathe Institut Hildegarde de Bingen<\/li>\n\n\n\n<li>Certificat de Phyto-aromatologue Insitut Hildegarde de Bingen<\/li>\n\n\n\n<li>Certificat f\u00e9d\u00e9ral FENA, Naturopathe certifi\u00e9 FENA<\/li>\n\n\n\n<li>Modelage aux pierres, Institut Hildegarde de Bingen<\/li>\n\n\n\n<li>Ventouses, Institut Hildegarde de Bingen<\/li>\n\n\n\n<li>4 ans de conseil en magasin bio, secteur naturopathie<\/li>\n\n\n\n<li>Praticienne Reiki Usui<\/li>\n<\/ul>\n\n\n\n<figure class=\"wp-block-image size-large is-resized\"><img loading=\"lazy\" decoding=\"async\" width=\"683\" height=\"1024\" src=\"http:\/\/fleurdevivre.fr\/wp-content\/uploads\/2023\/12\/pexels-photo-5905611-683x1024.jpeg\" alt=\"image descriptive parcours\" class=\"wp-image-478\" style=\"width:174px;height:auto\" srcset=\"https:\/\/fleurdevivre.fr\/wp-content\/uploads\/2023\/12\/pexels-photo-5905611-683x1024.jpeg 683w, https:\/\/fleurdevivre.fr\/wp-content\/uploads\/2023\/12\/pexels-photo-5905611-200x300.jpeg 200w, https:\/\/fleurdevivre.fr\/wp-content\/uploads\/2023\/12\/pexels-photo-5905611-768x1152.jpeg 768w, https:\/\/fleurdevivre.fr\/wp-content\/uploads\/2023\/12\/pexels-photo-5905611-40x60.jpeg 40w, https:\/\/fleurdevivre.fr\/wp-content\/uploads\/2023\/12\/pexels-photo-5905611.jpeg 800w\" sizes=\"auto, (max-width: 683px) 100vw, 683px\" \/><\/figure>\n<\/div>\n\n\n\n<p><\/p>\n\n\n\n<h2 class=\"wp-block-heading\">Fleur de vivre<\/h2>\n\n\n\n<p>Fleur de vivre c&rsquo;est qui c&rsquo;est quoi ? L&rsquo;id\u00e9e d&rsquo;un projet, concilier mes valeurs, ma vie, mon chemin de vie.<\/p>\n\n\n\n<ul class=\"wp-block-list\">\n<li><strong>Fleur de vie<\/strong>&nbsp;: harmonisation, g\u00e9om\u00e9trie sacr\u00e9, \u00e9quilibre, dynamisme. Remettez du mouvement dans votre vie. Soyez acteur de votre bien \u00eatre. <\/li>\n\n\n\n<li><strong>Envie de vivre<\/strong>&nbsp;: Parce que dans notre monde actuel, il est facile d&rsquo;\u00eatre d\u00e9courag\u00e9. Ne baissez pas les bras, et restez focus sur vos buts.&nbsp;Tout le monde a des hauts et des bas. La diff\u00e9rence est dans votre possibilit\u00e9 de rebondir aux al\u00e9as.<\/li>\n<\/ul>\n\n\n\n<p> Des petits bobos aux plus gros, prendre soin de soi peut \u00eatre facile \u00e0 dire mais moins \u00e0 faire. La naturopathie peut \u00eatre un chemin pour y arriver. Elle est pluridisciplinaire et ainsi tout le monde peut y arriver par une porte ou une autre. Consultation naturopathique, florith\u00e9rapie (Fleurs de Bach et \u00e9lixirs floraux), r\u00e9flexologie plantaire, massage bien-\u00eatre naturopathique. A chacun sa m\u00e9thode pour arriver \u00e0 son propre \u00e9quilibre bien \u00eatre. Le secret prendre du temps pour soi, de quelques minutes \u00e0 plusieurs heures, une formule adapt\u00e9e \u00e0 chacun.<\/p>\n\n\n\n<p>Alors ne perdons plus de temps et cherchons ensemble cet \u00e9quilibre et faisons un petit parcours ensemble.&nbsp;<\/p>\n\n\n\n<figure class=\"wp-block-image size-large\"><a href=\"https:\/\/fleurdevivre.fr\/index.php\/mes-pratiques\"><img loading=\"lazy\" decoding=\"async\" width=\"1024\" height=\"341\" src=\"https:\/\/fleurdevivre.fr\/wp-content\/uploads\/2023\/12\/Banniere-longue-avec-phrase-1024x341.png\" alt=\"Banni\u00e8re fleur de vivre : vers l'harmonisation de sa propre vie (slogan)\" class=\"wp-image-355\" srcset=\"https:\/\/fleurdevivre.fr\/wp-content\/uploads\/2023\/12\/Banniere-longue-avec-phrase-1024x341.png 1024w, https:\/\/fleurdevivre.fr\/wp-content\/uploads\/2023\/12\/Banniere-longue-avec-phrase-300x100.png 300w, https:\/\/fleurdevivre.fr\/wp-content\/uploads\/2023\/12\/Banniere-longue-avec-phrase-768x256.png 768w, https:\/\/fleurdevivre.fr\/wp-content\/uploads\/2023\/12\/Banniere-longue-avec-phrase-1536x512.png 1536w, https:\/\/fleurdevivre.fr\/wp-content\/uploads\/2023\/12\/Banniere-longue-avec-phrase-2048x683.png 2048w, https:\/\/fleurdevivre.fr\/wp-content\/uploads\/2023\/12\/Banniere-longue-avec-phrase-180x60.png 180w\" sizes=\"auto, (max-width: 1024px) 100vw, 1024px\" \/><\/a><\/figure>\n\n\n\n<p>Voir nos offres suivez le <a href=\"https:\/\/fleurdevivre.fr\/index.php\/les-offres\">guide<\/a>. Pour les r\u00e9servations c\u2019est par&nbsp;<a href=\"https:\/\/fleurdevivre.fr\/index.php\/reservations\">ici<\/a>.<\/p>\n\n\n\n<p>Pour me suivre via Facebook c\u2019est par&nbsp;<a href=\"https:\/\/www.facebook.com\/profile.php?id=61553222831431\">l\u00e0.<\/a><\/p>\n\n\n\n<p><\/p>\n","protected":false},"excerpt":{"rendered":"<p>Qui suis-je ? Mon parcours : Je m&rsquo;appelle Marjorie Naud, je suis naturopathe \/ r\u00e9flexologue \/ masseuse bien \u00eatre Naturopathie. J&rsquo;ai toujours \u00e9t\u00e9 du c\u00f4t\u00e9 vert de la vie \ud83d\ude09 &hellip; <\/p>\n","protected":false},"author":1,"featured_media":330,"parent":0,"menu_order":0,"comment_status":"closed","ping_status":"closed","template":"","meta":{"footnotes":""},"class_list":["post-47","page","type-page","status-publish","has-post-thumbnail","hentry"],"yoast_head":"<!-- This site is optimized with the Yoast SEO plugin v22.1 - https:\/\/yoast.com\/wordpress\/plugins\/seo\/ -->\n<title>Mon parcours - Fleur de vivre<\/title>\n<meta name=\"description\" content=\"Qui suis-je : mon parcours de vie ; mes r\u00e9f\u00e9rences certificat ; fleur de vivre c&#039;est quoi ? Le projet, le concept.\" \/>\n<meta name=\"robots\" content=\"index, follow, max-snippet:-1, max-image-preview:large, max-video-preview:-1\" \/>\n<link rel=\"canonical\" href=\"https:\/\/fleurdevivre.fr\/index.php\/mon-parcours\" \/>\n<meta property=\"og:locale\" content=\"fr_FR\" \/>\n<meta property=\"og:type\" content=\"article\" \/>\n<meta property=\"og:title\" content=\"Mon parcours - Fleur de vivre\" \/>\n<meta property=\"og:description\" content=\"Qui suis-je : mon parcours de vie ; mes r\u00e9f\u00e9rences certificat ; fleur de vivre c&#039;est quoi ? Le projet, le concept.\" \/>\n<meta property=\"og:url\" content=\"https:\/\/fleurdevivre.fr\/index.php\/mon-parcours\" \/>\n<meta property=\"og:site_name\" content=\"Fleur de vivre\" \/>\n<meta property=\"article:publisher\" content=\"https:\/\/www.facebook.com\/profile.php?id=61553222831431\" \/>\n<meta property=\"article:modified_time\" content=\"2023-12-13T19:07:50+00:00\" \/>\n<meta property=\"og:image\" content=\"http:\/\/fleurdevivre.fr\/wp-content\/uploads\/2023\/12\/johannes-plenio-RwHv7LgeC7s-unsplash-scaled.jpg\" \/>\n\t<meta property=\"og:image:width\" content=\"2560\" \/>\n\t<meta property=\"og:image:height\" content=\"1707\" \/>\n\t<meta property=\"og:image:type\" content=\"image\/jpeg\" \/>\n<meta name=\"twitter:card\" content=\"summary_large_image\" \/>\n<meta name=\"twitter:label1\" content=\"Dur\u00e9e de lecture estim\u00e9e\" \/>\n\t<meta name=\"twitter:data1\" content=\"4 minutes\" \/>\n<script type=\"application\/ld+json\" class=\"yoast-schema-graph\">{\"@context\":\"https:\/\/schema.org\",\"@graph\":[{\"@type\":\"WebPage\",\"@id\":\"https:\/\/fleurdevivre.fr\/index.php\/mon-parcours\",\"url\":\"https:\/\/fleurdevivre.fr\/index.php\/mon-parcours\",\"name\":\"Mon parcours - Fleur de vivre\",\"isPartOf\":{\"@id\":\"https:\/\/fleurdevivre.fr\/#website\"},\"datePublished\":\"2023-11-20T15:42:46+00:00\",\"dateModified\":\"2023-12-13T19:07:50+00:00\",\"description\":\"Qui suis-je : mon parcours de vie ; mes r\u00e9f\u00e9rences certificat ; fleur de vivre c'est quoi ? Le projet, le concept.\",\"breadcrumb\":{\"@id\":\"https:\/\/fleurdevivre.fr\/index.php\/mon-parcours#breadcrumb\"},\"inLanguage\":\"fr-FR\",\"potentialAction\":[{\"@type\":\"ReadAction\",\"target\":[\"https:\/\/fleurdevivre.fr\/index.php\/mon-parcours\"]}]},{\"@type\":\"BreadcrumbList\",\"@id\":\"https:\/\/fleurdevivre.fr\/index.php\/mon-parcours#breadcrumb\",\"itemListElement\":[{\"@type\":\"ListItem\",\"position\":1,\"name\":\"Accueil\",\"item\":\"https:\/\/fleurdevivre.fr\/\"},{\"@type\":\"ListItem\",\"position\":2,\"name\":\"Mon parcours\"}]},{\"@type\":\"WebSite\",\"@id\":\"https:\/\/fleurdevivre.fr\/#website\",\"url\":\"https:\/\/fleurdevivre.fr\/\",\"name\":\"Fleur de vivre\",\"description\":\"Vers l&#039;harmonisation de sa propre vie\",\"publisher\":{\"@id\":\"https:\/\/fleurdevivre.fr\/#organization\"},\"potentialAction\":[{\"@type\":\"SearchAction\",\"target\":{\"@type\":\"EntryPoint\",\"urlTemplate\":\"https:\/\/fleurdevivre.fr\/?s={search_term_string}\"},\"query-input\":\"required name=search_term_string\"}],\"inLanguage\":\"fr-FR\"},{\"@type\":\"Organization\",\"@id\":\"https:\/\/fleurdevivre.fr\/#organization\",\"name\":\"Fleur de vivre\",\"url\":\"https:\/\/fleurdevivre.fr\/\",\"logo\":{\"@type\":\"ImageObject\",\"inLanguage\":\"fr-FR\",\"@id\":\"https:\/\/fleurdevivre.fr\/#\/schema\/logo\/image\/\",\"url\":\"https:\/\/fleurdevivre.fr\/wp-content\/uploads\/2023\/12\/Capture-decran-2023-10-19-a-16.38.17.png\",\"contentUrl\":\"https:\/\/fleurdevivre.fr\/wp-content\/uploads\/2023\/12\/Capture-decran-2023-10-19-a-16.38.17.png\",\"width\":1784,\"height\":590,\"caption\":\"Fleur de vivre\"},\"image\":{\"@id\":\"https:\/\/fleurdevivre.fr\/#\/schema\/logo\/image\/\"},\"sameAs\":[\"https:\/\/www.facebook.com\/profile.php?id=61553222831431\"]}]}<\/script>\n<!-- \/ Yoast SEO plugin. -->","yoast_head_json":{"title":"Mon parcours - Fleur de vivre","description":"Qui suis-je : mon parcours de vie ; mes r\u00e9f\u00e9rences certificat ; fleur de vivre c'est quoi ? Le projet, le concept.","robots":{"index":"index","follow":"follow","max-snippet":"max-snippet:-1","max-image-preview":"max-image-preview:large","max-video-preview":"max-video-preview:-1"},"canonical":"https:\/\/fleurdevivre.fr\/index.php\/mon-parcours","og_locale":"fr_FR","og_type":"article","og_title":"Mon parcours - Fleur de vivre","og_description":"Qui suis-je : mon parcours de vie ; mes r\u00e9f\u00e9rences certificat ; fleur de vivre c'est quoi ? Le projet, le concept.","og_url":"https:\/\/fleurdevivre.fr\/index.php\/mon-parcours","og_site_name":"Fleur de vivre","article_publisher":"https:\/\/www.facebook.com\/profile.php?id=61553222831431","article_modified_time":"2023-12-13T19:07:50+00:00","og_image":[{"width":2560,"height":1707,"url":"http:\/\/fleurdevivre.fr\/wp-content\/uploads\/2023\/12\/johannes-plenio-RwHv7LgeC7s-unsplash-scaled.jpg","type":"image\/jpeg"}],"twitter_card":"summary_large_image","twitter_misc":{"Dur\u00e9e de lecture estim\u00e9e":"4 minutes"},"schema":{"@context":"https:\/\/schema.org","@graph":[{"@type":"WebPage","@id":"https:\/\/fleurdevivre.fr\/index.php\/mon-parcours","url":"https:\/\/fleurdevivre.fr\/index.php\/mon-parcours","name":"Mon parcours - Fleur de vivre","isPartOf":{"@id":"https:\/\/fleurdevivre.fr\/#website"},"datePublished":"2023-11-20T15:42:46+00:00","dateModified":"2023-12-13T19:07:50+00:00","description":"Qui suis-je : mon parcours de vie ; mes r\u00e9f\u00e9rences certificat ; fleur de vivre c'est quoi ? Le projet, le concept.","breadcrumb":{"@id":"https:\/\/fleurdevivre.fr\/index.php\/mon-parcours#breadcrumb"},"inLanguage":"fr-FR","potentialAction":[{"@type":"ReadAction","target":["https:\/\/fleurdevivre.fr\/index.php\/mon-parcours"]}]},{"@type":"BreadcrumbList","@id":"https:\/\/fleurdevivre.fr\/index.php\/mon-parcours#breadcrumb","itemListElement":[{"@type":"ListItem","position":1,"name":"Accueil","item":"https:\/\/fleurdevivre.fr\/"},{"@type":"ListItem","position":2,"name":"Mon parcours"}]},{"@type":"WebSite","@id":"https:\/\/fleurdevivre.fr\/#website","url":"https:\/\/fleurdevivre.fr\/","name":"Fleur de vivre","description":"Vers l&#039;harmonisation de sa propre vie","publisher":{"@id":"https:\/\/fleurdevivre.fr\/#organization"},"potentialAction":[{"@type":"SearchAction","target":{"@type":"EntryPoint","urlTemplate":"https:\/\/fleurdevivre.fr\/?s={search_term_string}"},"query-input":"required name=search_term_string"}],"inLanguage":"fr-FR"},{"@type":"Organization","@id":"https:\/\/fleurdevivre.fr\/#organization","name":"Fleur de vivre","url":"https:\/\/fleurdevivre.fr\/","logo":{"@type":"ImageObject","inLanguage":"fr-FR","@id":"https:\/\/fleurdevivre.fr\/#\/schema\/logo\/image\/","url":"https:\/\/fleurdevivre.fr\/wp-content\/uploads\/2023\/12\/Capture-decran-2023-10-19-a-16.38.17.png","contentUrl":"https:\/\/fleurdevivre.fr\/wp-content\/uploads\/2023\/12\/Capture-decran-2023-10-19-a-16.38.17.png","width":1784,"height":590,"caption":"Fleur de vivre"},"image":{"@id":"https:\/\/fleurdevivre.fr\/#\/schema\/logo\/image\/"},"sameAs":["https:\/\/www.facebook.com\/profile.php?id=61553222831431"]}]}},"_links":{"self":[{"href":"https:\/\/fleurdevivre.fr\/index.php\/wp-json\/wp\/v2\/pages\/47","targetHints":{"allow":["GET"]}}],"collection":[{"href":"https:\/\/fleurdevivre.fr\/index.php\/wp-json\/wp\/v2\/pages"}],"about":[{"href":"https:\/\/fleurdevivre.fr\/index.php\/wp-json\/wp\/v2\/types\/page"}],"author":[{"embeddable":true,"href":"https:\/\/fleurdevivre.fr\/index.php\/wp-json\/wp\/v2\/users\/1"}],"replies":[{"embeddable":true,"href":"https:\/\/fleurdevivre.fr\/index.php\/wp-json\/wp\/v2\/comments?post=47"}],"version-history":[{"count":6,"href":"https:\/\/fleurdevivre.fr\/index.php\/wp-json\/wp\/v2\/pages\/47\/revisions"}],"predecessor-version":[{"id":532,"href":"https:\/\/fleurdevivre.fr\/index.php\/wp-json\/wp\/v2\/pages\/47\/revisions\/532"}],"wp:featuredmedia":[{"embeddable":true,"href":"https:\/\/fleurdevivre.fr\/index.php\/wp-json\/wp\/v2\/media\/330"}],"wp:attachment":[{"href":"https:\/\/fleurdevivre.fr\/index.php\/wp-json\/wp\/v2\/media?parent=47"}],"curies":[{"name":"wp","href":"https:\/\/api.w.org\/{rel}","templated":true}]}}