{"id":49,"date":"2023-11-20T16:43:00","date_gmt":"2023-11-20T15:43:00","guid":{"rendered":"https:\/\/fleurdevivre.fr\/?page_id=49"},"modified":"2023-12-12T21:27:57","modified_gmt":"2023-12-12T20:27:57","slug":"les-offres","status":"publish","type":"page","link":"https:\/\/fleurdevivre.fr\/index.php\/les-offres","title":{"rendered":"Les offres"},"content":{"rendered":"\n<p>Je vous propose diff\u00e9rentes parenth\u00e8ses bien-\u00eatre, les offres se d\u00e9clinent selon diff\u00e9rents types de prestations : Naturopathie, coaching, florith\u00e9rapie, r\u00e9flexologie plantaire, massage bien-\u00eatre naturopathique. Pour plus de d\u00e9tails sur chaque type cliquez sur l&rsquo;offre qui vous int\u00e9resse. <\/p>\n\n\n\n<div class=\"wp-block-group is-nowrap is-layout-flex wp-container-core-group-is-layout-ad2f72ca wp-block-group-is-layout-flex\">\n<figure class=\"wp-block-image size-large is-resized\"><a href=\"https:\/\/fleurdevivre.fr\/index.php\/mes-pratiques\/naturopathie\"><img loading=\"lazy\" decoding=\"async\" width=\"1024\" height=\"654\" src=\"https:\/\/fleurdevivre.fr\/wp-content\/uploads\/2023\/12\/naturopathie-1024x654.png\" alt=\"lien offres en naturopathie\" class=\"wp-image-247\" style=\"width:488px;height:auto\" srcset=\"https:\/\/fleurdevivre.fr\/wp-content\/uploads\/2023\/12\/naturopathie-1024x654.png 1024w, https:\/\/fleurdevivre.fr\/wp-content\/uploads\/2023\/12\/naturopathie-300x192.png 300w, https:\/\/fleurdevivre.fr\/wp-content\/uploads\/2023\/12\/naturopathie-768x491.png 768w, https:\/\/fleurdevivre.fr\/wp-content\/uploads\/2023\/12\/naturopathie-1536x981.png 1536w, https:\/\/fleurdevivre.fr\/wp-content\/uploads\/2023\/12\/naturopathie-94x60.png 94w, https:\/\/fleurdevivre.fr\/wp-content\/uploads\/2023\/12\/naturopathie.png 2048w\" sizes=\"auto, (max-width: 1024px) 100vw, 1024px\" \/><\/a><\/figure>\n\n\n\n<figure class=\"wp-block-image size-large is-resized\"><a href=\"https:\/\/fleurdevivre.fr\/index.php\/mes-pratiques\/coaching\"><img loading=\"lazy\" decoding=\"async\" width=\"1024\" height=\"654\" src=\"https:\/\/fleurdevivre.fr\/wp-content\/uploads\/2023\/12\/coaching-1024x654.png\" alt=\"lien offres en coaching\" class=\"wp-image-249\" style=\"width:486px;height:auto\" srcset=\"https:\/\/fleurdevivre.fr\/wp-content\/uploads\/2023\/12\/coaching-1024x654.png 1024w, https:\/\/fleurdevivre.fr\/wp-content\/uploads\/2023\/12\/coaching-300x192.png 300w, https:\/\/fleurdevivre.fr\/wp-content\/uploads\/2023\/12\/coaching-768x491.png 768w, https:\/\/fleurdevivre.fr\/wp-content\/uploads\/2023\/12\/coaching-1536x981.png 1536w, https:\/\/fleurdevivre.fr\/wp-content\/uploads\/2023\/12\/coaching-94x60.png 94w, https:\/\/fleurdevivre.fr\/wp-content\/uploads\/2023\/12\/coaching.png 2048w\" sizes=\"auto, (max-width: 1024px) 100vw, 1024px\" \/><\/a><\/figure>\n<\/div>\n\n\n\n<div class=\"wp-block-group is-nowrap is-layout-flex wp-container-core-group-is-layout-ad2f72ca wp-block-group-is-layout-flex\">\n<figure class=\"wp-block-image size-large is-resized\"><a href=\"https:\/\/fleurdevivre.fr\/index.php\/mes-pratiques\/floritherapie\"><img loading=\"lazy\" decoding=\"async\" width=\"1024\" height=\"654\" src=\"https:\/\/fleurdevivre.fr\/wp-content\/uploads\/2023\/12\/floritherapie-1024x654.png\" alt=\"lien prestations en florith\u00e9rapie\" class=\"wp-image-250\" style=\"width:487px;height:auto\" srcset=\"https:\/\/fleurdevivre.fr\/wp-content\/uploads\/2023\/12\/floritherapie-1024x654.png 1024w, https:\/\/fleurdevivre.fr\/wp-content\/uploads\/2023\/12\/floritherapie-300x192.png 300w, https:\/\/fleurdevivre.fr\/wp-content\/uploads\/2023\/12\/floritherapie-768x491.png 768w, https:\/\/fleurdevivre.fr\/wp-content\/uploads\/2023\/12\/floritherapie-1536x981.png 1536w, https:\/\/fleurdevivre.fr\/wp-content\/uploads\/2023\/12\/floritherapie-94x60.png 94w, https:\/\/fleurdevivre.fr\/wp-content\/uploads\/2023\/12\/floritherapie.png 2048w\" sizes=\"auto, (max-width: 1024px) 100vw, 1024px\" \/><\/a><\/figure>\n\n\n\n<figure class=\"wp-block-image size-large is-resized\"><a href=\"https:\/\/fleurdevivre.fr\/index.php\/mes-pratiques\/reflexologie-plantaire\"><img loading=\"lazy\" decoding=\"async\" width=\"1024\" height=\"654\" src=\"https:\/\/fleurdevivre.fr\/wp-content\/uploads\/2023\/12\/reflexo-1024x654.png\" alt=\"lien offres en r\u00e9flexologie plantaire\" class=\"wp-image-251\" style=\"width:484px;height:auto\" srcset=\"https:\/\/fleurdevivre.fr\/wp-content\/uploads\/2023\/12\/reflexo-1024x654.png 1024w, https:\/\/fleurdevivre.fr\/wp-content\/uploads\/2023\/12\/reflexo-300x192.png 300w, https:\/\/fleurdevivre.fr\/wp-content\/uploads\/2023\/12\/reflexo-768x491.png 768w, https:\/\/fleurdevivre.fr\/wp-content\/uploads\/2023\/12\/reflexo-1536x981.png 1536w, https:\/\/fleurdevivre.fr\/wp-content\/uploads\/2023\/12\/reflexo-94x60.png 94w, https:\/\/fleurdevivre.fr\/wp-content\/uploads\/2023\/12\/reflexo.png 2048w\" sizes=\"auto, (max-width: 1024px) 100vw, 1024px\" \/><\/a><\/figure>\n<\/div>\n\n\n\n<div class=\"wp-block-group is-nowrap is-layout-flex wp-container-core-group-is-layout-ad2f72ca wp-block-group-is-layout-flex\">\n<figure class=\"wp-block-image size-large is-resized\"><a href=\"https:\/\/fleurdevivre.fr\/index.php\/mes-pratiques\/massage-bien-etre-naturopathique\"><img loading=\"lazy\" decoding=\"async\" width=\"1024\" height=\"654\" src=\"https:\/\/fleurdevivre.fr\/wp-content\/uploads\/2023\/12\/massage-1024x654.png\" alt=\"lien prestations en massage bien-\u00eatre naturopathique\" class=\"wp-image-252\" style=\"width:487px;height:auto\" srcset=\"https:\/\/fleurdevivre.fr\/wp-content\/uploads\/2023\/12\/massage-1024x654.png 1024w, https:\/\/fleurdevivre.fr\/wp-content\/uploads\/2023\/12\/massage-300x192.png 300w, https:\/\/fleurdevivre.fr\/wp-content\/uploads\/2023\/12\/massage-768x491.png 768w, https:\/\/fleurdevivre.fr\/wp-content\/uploads\/2023\/12\/massage-1536x981.png 1536w, https:\/\/fleurdevivre.fr\/wp-content\/uploads\/2023\/12\/massage-94x60.png 94w, https:\/\/fleurdevivre.fr\/wp-content\/uploads\/2023\/12\/massage.png 2048w\" sizes=\"auto, (max-width: 1024px) 100vw, 1024px\" \/><\/a><\/figure>\n<\/div>\n\n\n\n<p><\/p>\n\n\n\n<p>Pour les r\u00e9servations c&rsquo;est par <a href=\"https:\/\/fleurdevivre.fr\/index.php\/reservations\">ici<\/a>.<\/p>\n\n\n\n<p>Une envie de me suivre c\u2019est par<a href=\"https:\/\/www.facebook.com\/profile.php?id=61553222831431\">&nbsp;ici<\/a>.<\/p>\n","protected":false},"excerpt":{"rendered":"<p>Je vous propose diff\u00e9rentes parenth\u00e8ses bien-\u00eatre, les offres se d\u00e9clinent selon diff\u00e9rents types de prestations : Naturopathie, coaching, florith\u00e9rapie, r\u00e9flexologie plantaire, massage bien-\u00eatre naturopathique. Pour plus de d\u00e9tails sur chaque &hellip; <\/p>\n","protected":false},"author":1,"featured_media":331,"parent":0,"menu_order":0,"comment_status":"closed","ping_status":"closed","template":"","meta":{"footnotes":""},"class_list":["post-49","page","type-page","status-publish","has-post-thumbnail","hentry"],"yoast_head":"<!-- This site is optimized with the Yoast SEO plugin v22.1 - https:\/\/yoast.com\/wordpress\/plugins\/seo\/ -->\n<title>Les offres - Fleur de vivre<\/title>\n<meta name=\"description\" content=\"Les offres : Je vous propose diff\u00e9rentes parenth\u00e8ses bien-\u00eatre, les offres se d\u00e9clinent selon diff\u00e9rents types de prestations.\" \/>\n<meta name=\"robots\" content=\"index, follow, max-snippet:-1, max-image-preview:large, max-video-preview:-1\" \/>\n<link rel=\"canonical\" href=\"https:\/\/fleurdevivre.fr\/index.php\/les-offres\" \/>\n<meta property=\"og:locale\" content=\"fr_FR\" \/>\n<meta property=\"og:type\" content=\"article\" \/>\n<meta property=\"og:title\" content=\"Les offres - Fleur de vivre\" \/>\n<meta property=\"og:description\" content=\"Les offres : Je vous propose diff\u00e9rentes parenth\u00e8ses bien-\u00eatre, les offres se d\u00e9clinent selon diff\u00e9rents types de prestations.\" \/>\n<meta property=\"og:url\" content=\"https:\/\/fleurdevivre.fr\/index.php\/les-offres\" \/>\n<meta property=\"og:site_name\" content=\"Fleur de vivre\" \/>\n<meta property=\"article:publisher\" content=\"https:\/\/www.facebook.com\/profile.php?id=61553222831431\" \/>\n<meta property=\"article:modified_time\" content=\"2023-12-12T20:27:57+00:00\" \/>\n<meta property=\"og:image\" content=\"http:\/\/fleurdevivre.fr\/wp-content\/uploads\/2023\/12\/christin-hume-0MoF-Fe0w0A-unsplash-scaled.jpg\" \/>\n\t<meta property=\"og:image:width\" content=\"2560\" \/>\n\t<meta property=\"og:image:height\" content=\"1707\" \/>\n\t<meta property=\"og:image:type\" content=\"image\/jpeg\" \/>\n<meta name=\"twitter:card\" content=\"summary_large_image\" \/>\n<meta name=\"twitter:label1\" content=\"Dur\u00e9e de lecture estim\u00e9e\" \/>\n\t<meta name=\"twitter:data1\" content=\"2 minutes\" \/>\n<script type=\"application\/ld+json\" class=\"yoast-schema-graph\">{\"@context\":\"https:\/\/schema.org\",\"@graph\":[{\"@type\":\"WebPage\",\"@id\":\"https:\/\/fleurdevivre.fr\/index.php\/les-offres\",\"url\":\"https:\/\/fleurdevivre.fr\/index.php\/les-offres\",\"name\":\"Les offres - Fleur de vivre\",\"isPartOf\":{\"@id\":\"https:\/\/fleurdevivre.fr\/#website\"},\"datePublished\":\"2023-11-20T15:43:00+00:00\",\"dateModified\":\"2023-12-12T20:27:57+00:00\",\"description\":\"Les offres : Je vous propose diff\u00e9rentes parenth\u00e8ses bien-\u00eatre, les offres se d\u00e9clinent selon diff\u00e9rents types de prestations.\",\"breadcrumb\":{\"@id\":\"https:\/\/fleurdevivre.fr\/index.php\/les-offres#breadcrumb\"},\"inLanguage\":\"fr-FR\",\"potentialAction\":[{\"@type\":\"ReadAction\",\"target\":[\"https:\/\/fleurdevivre.fr\/index.php\/les-offres\"]}]},{\"@type\":\"BreadcrumbList\",\"@id\":\"https:\/\/fleurdevivre.fr\/index.php\/les-offres#breadcrumb\",\"itemListElement\":[{\"@type\":\"ListItem\",\"position\":1,\"name\":\"Accueil\",\"item\":\"https:\/\/fleurdevivre.fr\/\"},{\"@type\":\"ListItem\",\"position\":2,\"name\":\"Les offres\"}]},{\"@type\":\"WebSite\",\"@id\":\"https:\/\/fleurdevivre.fr\/#website\",\"url\":\"https:\/\/fleurdevivre.fr\/\",\"name\":\"Fleur de vivre\",\"description\":\"Vers l&#039;harmonisation de sa propre vie\",\"publisher\":{\"@id\":\"https:\/\/fleurdevivre.fr\/#organization\"},\"potentialAction\":[{\"@type\":\"SearchAction\",\"target\":{\"@type\":\"EntryPoint\",\"urlTemplate\":\"https:\/\/fleurdevivre.fr\/?s={search_term_string}\"},\"query-input\":\"required name=search_term_string\"}],\"inLanguage\":\"fr-FR\"},{\"@type\":\"Organization\",\"@id\":\"https:\/\/fleurdevivre.fr\/#organization\",\"name\":\"Fleur de vivre\",\"url\":\"https:\/\/fleurdevivre.fr\/\",\"logo\":{\"@type\":\"ImageObject\",\"inLanguage\":\"fr-FR\",\"@id\":\"https:\/\/fleurdevivre.fr\/#\/schema\/logo\/image\/\",\"url\":\"https:\/\/fleurdevivre.fr\/wp-content\/uploads\/2023\/12\/Capture-decran-2023-10-19-a-16.38.17.png\",\"contentUrl\":\"https:\/\/fleurdevivre.fr\/wp-content\/uploads\/2023\/12\/Capture-decran-2023-10-19-a-16.38.17.png\",\"width\":1784,\"height\":590,\"caption\":\"Fleur de vivre\"},\"image\":{\"@id\":\"https:\/\/fleurdevivre.fr\/#\/schema\/logo\/image\/\"},\"sameAs\":[\"https:\/\/www.facebook.com\/profile.php?id=61553222831431\"]}]}<\/script>\n<!-- \/ Yoast SEO plugin. -->","yoast_head_json":{"title":"Les offres - Fleur de vivre","description":"Les offres : Je vous propose diff\u00e9rentes parenth\u00e8ses bien-\u00eatre, les offres se d\u00e9clinent selon diff\u00e9rents types de prestations.","robots":{"index":"index","follow":"follow","max-snippet":"max-snippet:-1","max-image-preview":"max-image-preview:large","max-video-preview":"max-video-preview:-1"},"canonical":"https:\/\/fleurdevivre.fr\/index.php\/les-offres","og_locale":"fr_FR","og_type":"article","og_title":"Les offres - Fleur de vivre","og_description":"Les offres : Je vous propose diff\u00e9rentes parenth\u00e8ses bien-\u00eatre, les offres se d\u00e9clinent selon diff\u00e9rents types de prestations.","og_url":"https:\/\/fleurdevivre.fr\/index.php\/les-offres","og_site_name":"Fleur de vivre","article_publisher":"https:\/\/www.facebook.com\/profile.php?id=61553222831431","article_modified_time":"2023-12-12T20:27:57+00:00","og_image":[{"width":2560,"height":1707,"url":"http:\/\/fleurdevivre.fr\/wp-content\/uploads\/2023\/12\/christin-hume-0MoF-Fe0w0A-unsplash-scaled.jpg","type":"image\/jpeg"}],"twitter_card":"summary_large_image","twitter_misc":{"Dur\u00e9e de lecture estim\u00e9e":"2 minutes"},"schema":{"@context":"https:\/\/schema.org","@graph":[{"@type":"WebPage","@id":"https:\/\/fleurdevivre.fr\/index.php\/les-offres","url":"https:\/\/fleurdevivre.fr\/index.php\/les-offres","name":"Les offres - Fleur de vivre","isPartOf":{"@id":"https:\/\/fleurdevivre.fr\/#website"},"datePublished":"2023-11-20T15:43:00+00:00","dateModified":"2023-12-12T20:27:57+00:00","description":"Les offres : Je vous propose diff\u00e9rentes parenth\u00e8ses bien-\u00eatre, les offres se d\u00e9clinent selon diff\u00e9rents types de prestations.","breadcrumb":{"@id":"https:\/\/fleurdevivre.fr\/index.php\/les-offres#breadcrumb"},"inLanguage":"fr-FR","potentialAction":[{"@type":"ReadAction","target":["https:\/\/fleurdevivre.fr\/index.php\/les-offres"]}]},{"@type":"BreadcrumbList","@id":"https:\/\/fleurdevivre.fr\/index.php\/les-offres#breadcrumb","itemListElement":[{"@type":"ListItem","position":1,"name":"Accueil","item":"https:\/\/fleurdevivre.fr\/"},{"@type":"ListItem","position":2,"name":"Les offres"}]},{"@type":"WebSite","@id":"https:\/\/fleurdevivre.fr\/#website","url":"https:\/\/fleurdevivre.fr\/","name":"Fleur de vivre","description":"Vers l&#039;harmonisation de sa propre vie","publisher":{"@id":"https:\/\/fleurdevivre.fr\/#organization"},"potentialAction":[{"@type":"SearchAction","target":{"@type":"EntryPoint","urlTemplate":"https:\/\/fleurdevivre.fr\/?s={search_term_string}"},"query-input":"required name=search_term_string"}],"inLanguage":"fr-FR"},{"@type":"Organization","@id":"https:\/\/fleurdevivre.fr\/#organization","name":"Fleur de vivre","url":"https:\/\/fleurdevivre.fr\/","logo":{"@type":"ImageObject","inLanguage":"fr-FR","@id":"https:\/\/fleurdevivre.fr\/#\/schema\/logo\/image\/","url":"https:\/\/fleurdevivre.fr\/wp-content\/uploads\/2023\/12\/Capture-decran-2023-10-19-a-16.38.17.png","contentUrl":"https:\/\/fleurdevivre.fr\/wp-content\/uploads\/2023\/12\/Capture-decran-2023-10-19-a-16.38.17.png","width":1784,"height":590,"caption":"Fleur de vivre"},"image":{"@id":"https:\/\/fleurdevivre.fr\/#\/schema\/logo\/image\/"},"sameAs":["https:\/\/www.facebook.com\/profile.php?id=61553222831431"]}]}},"_links":{"self":[{"href":"https:\/\/fleurdevivre.fr\/index.php\/wp-json\/wp\/v2\/pages\/49","targetHints":{"allow":["GET"]}}],"collection":[{"href":"https:\/\/fleurdevivre.fr\/index.php\/wp-json\/wp\/v2\/pages"}],"about":[{"href":"https:\/\/fleurdevivre.fr\/index.php\/wp-json\/wp\/v2\/types\/page"}],"author":[{"embeddable":true,"href":"https:\/\/fleurdevivre.fr\/index.php\/wp-json\/wp\/v2\/users\/1"}],"replies":[{"embeddable":true,"href":"https:\/\/fleurdevivre.fr\/index.php\/wp-json\/wp\/v2\/comments?post=49"}],"version-history":[{"count":22,"href":"https:\/\/fleurdevivre.fr\/index.php\/wp-json\/wp\/v2\/pages\/49\/revisions"}],"predecessor-version":[{"id":437,"href":"https:\/\/fleurdevivre.fr\/index.php\/wp-json\/wp\/v2\/pages\/49\/revisions\/437"}],"wp:featuredmedia":[{"embeddable":true,"href":"https:\/\/fleurdevivre.fr\/index.php\/wp-json\/wp\/v2\/media\/331"}],"wp:attachment":[{"href":"https:\/\/fleurdevivre.fr\/index.php\/wp-json\/wp\/v2\/media?parent=49"}],"curies":[{"name":"wp","href":"https:\/\/api.w.org\/{rel}","templated":true}]}}